{"id":31,"date":"2017-06-08T11:21:15","date_gmt":"2017-06-08T14:21:15","guid":{"rendered":"http:\/\/www.ktmengenharia.com.br\/perfil-engenharia\/?page_id=31"},"modified":"2017-08-21T11:32:15","modified_gmt":"2017-08-21T14:32:15","slug":"etica-e-compliance","status":"publish","type":"page","link":"http:\/\/www.ktmengenharia.com.br\/perfil-engenharia\/etica-e-compliance\/","title":{"rendered":"\u00c9tica e Compliance"},"content":{"rendered":"<h1 style=\"text-align: center\">Canal de Den\u00fancia<\/h1>\n<p>O Canal de Den\u00fancia \u00e9 uma forma de ampliar nosso comprometimento com a \u00e9tica e integridade.\u00a0Nossos colaboradores, parceiros e a sociedade podem comunicar-se conosco atrav\u00e9s deste canal, de forma sigilosa e se desejado, an\u00f4nima.<\/p>\n<p><strong>Voc\u00ea pode formular den\u00fancias sobre:<\/strong><\/p>\n<ul>\n<li>Fraude<\/li>\n<li>Viola\u00e7\u00f5es ao C\u00f3digo de \u00c9tica<\/li>\n<li>Corrup\u00e7\u00e3o<\/li>\n<li>Lavagem de dinheiro<\/li>\n<li>Ass\u00e9dio<\/li>\n<li>Discrimina\u00e7\u00e3o<\/li>\n<li>Seguran\u00e7a, Meio Ambiente e Sa\u00fade<\/li>\n<li>Outras irregularidades<\/li>\n<\/ul>\n<p>Por favor, descreva a situa\u00e7\u00e3o que o motiva a comunicar-se conosco. Procure ser preciso, informando os fatos, pessoas, locais, momento e motiva\u00e7\u00e3o.<\/p>\n<p>Desde j\u00e1, agradecemos pela sua comunica\u00e7\u00e3o. Seu contato \u00a0\u00e9 muito importante e contamos com ele para nosso desenvolvimento.<\/p>\n","protected":false},"excerpt":{"rendered":"<p>Canal de Den\u00fancia O Canal de Den\u00fancia \u00e9 uma forma de ampliar nosso comprometimento com a \u00e9tica e integridade.\u00a0Nossos colaboradores, parceiros e a sociedade podem comunicar-se conosco atrav\u00e9s deste canal, de forma sigilosa e se desejado, an\u00f4nima. Voc\u00ea pode formular den\u00fancias sobre: Fraude Viola\u00e7\u00f5es ao C\u00f3digo de \u00c9tica Corrup\u00e7\u00e3o Lavagem de dinheiro Ass\u00e9dio Discrimina\u00e7\u00e3o Seguran\u00e7a, [&hellip;]<\/p>\n","protected":false},"author":1,"featured_media":0,"parent":0,"menu_order":0,"comment_status":"closed","ping_status":"closed","template":"","meta":{"footnotes":""},"class_list":["post-31","page","type-page","status-publish","hentry"],"yoast_head":"<!-- This site is optimized with the Yoast SEO plugin v24.8.1 - https:\/\/yoast.com\/wordpress\/plugins\/seo\/ -->\n<title>\u00c9tica e Compliance - Perfil Engenharia<\/title>\n<meta name=\"robots\" content=\"index, follow, max-snippet:-1, max-image-preview:large, max-video-preview:-1\" \/>\n<link rel=\"canonical\" href=\"http:\/\/www.ktmengenharia.com.br\/perfil-engenharia\/etica-e-compliance\/\" \/>\n<meta property=\"og:locale\" content=\"pt_BR\" \/>\n<meta property=\"og:type\" content=\"article\" \/>\n<meta property=\"og:title\" content=\"\u00c9tica e Compliance - Perfil Engenharia\" \/>\n<meta property=\"og:description\" content=\"Canal de Den\u00fancia O Canal de Den\u00fancia \u00e9 uma forma de ampliar nosso comprometimento com a \u00e9tica e integridade.\u00a0Nossos colaboradores, parceiros e a sociedade podem comunicar-se conosco atrav\u00e9s deste canal, de forma sigilosa e se desejado, an\u00f4nima. Voc\u00ea pode formular den\u00fancias sobre: Fraude Viola\u00e7\u00f5es ao C\u00f3digo de \u00c9tica Corrup\u00e7\u00e3o Lavagem de dinheiro Ass\u00e9dio Discrimina\u00e7\u00e3o Seguran\u00e7a, [&hellip;]\" \/>\n<meta property=\"og:url\" content=\"http:\/\/www.ktmengenharia.com.br\/perfil-engenharia\/etica-e-compliance\/\" \/>\n<meta property=\"og:site_name\" content=\"Perfil Engenharia\" \/>\n<meta property=\"article:modified_time\" content=\"2017-08-21T14:32:15+00:00\" \/>\n<meta name=\"twitter:card\" content=\"summary_large_image\" \/>\n<meta name=\"twitter:label1\" content=\"Est. tempo de leitura\" \/>\n\t<meta name=\"twitter:data1\" content=\"1 minuto\" \/>\n<script type=\"application\/ld+json\" class=\"yoast-schema-graph\">{\"@context\":\"https:\/\/schema.org\",\"@graph\":[{\"@type\":\"WebPage\",\"@id\":\"http:\/\/www.ktmengenharia.com.br\/perfil-engenharia\/etica-e-compliance\/\",\"url\":\"http:\/\/www.ktmengenharia.com.br\/perfil-engenharia\/etica-e-compliance\/\",\"name\":\"\u00c9tica e Compliance - Perfil Engenharia\",\"isPartOf\":{\"@id\":\"http:\/\/www.ktmengenharia.com.br\/perfil-engenharia\/#website\"},\"datePublished\":\"2017-06-08T14:21:15+00:00\",\"dateModified\":\"2017-08-21T14:32:15+00:00\",\"breadcrumb\":{\"@id\":\"http:\/\/www.ktmengenharia.com.br\/perfil-engenharia\/etica-e-compliance\/#breadcrumb\"},\"inLanguage\":\"pt-BR\",\"potentialAction\":[{\"@type\":\"ReadAction\",\"target\":[\"http:\/\/www.ktmengenharia.com.br\/perfil-engenharia\/etica-e-compliance\/\"]}]},{\"@type\":\"BreadcrumbList\",\"@id\":\"http:\/\/www.ktmengenharia.com.br\/perfil-engenharia\/etica-e-compliance\/#breadcrumb\",\"itemListElement\":[{\"@type\":\"ListItem\",\"position\":1,\"name\":\"In\u00edcio\",\"item\":\"http:\/\/www.ktmengenharia.com.br\/perfil-engenharia\/\"},{\"@type\":\"ListItem\",\"position\":2,\"name\":\"\u00c9tica e Compliance\"}]},{\"@type\":\"WebSite\",\"@id\":\"http:\/\/www.ktmengenharia.com.br\/perfil-engenharia\/#website\",\"url\":\"http:\/\/www.ktmengenharia.com.br\/perfil-engenharia\/\",\"name\":\"Perfil Engenharia\",\"description\":\"S\u00f3 mais um site Grupo KTM - Sites\",\"potentialAction\":[{\"@type\":\"SearchAction\",\"target\":{\"@type\":\"EntryPoint\",\"urlTemplate\":\"http:\/\/www.ktmengenharia.com.br\/perfil-engenharia\/?s={search_term_string}\"},\"query-input\":{\"@type\":\"PropertyValueSpecification\",\"valueRequired\":true,\"valueName\":\"search_term_string\"}}],\"inLanguage\":\"pt-BR\"}]}<\/script>\n<!-- \/ Yoast SEO plugin. -->","yoast_head_json":{"title":"\u00c9tica e Compliance - Perfil Engenharia","robots":{"index":"index","follow":"follow","max-snippet":"max-snippet:-1","max-image-preview":"max-image-preview:large","max-video-preview":"max-video-preview:-1"},"canonical":"http:\/\/www.ktmengenharia.com.br\/perfil-engenharia\/etica-e-compliance\/","og_locale":"pt_BR","og_type":"article","og_title":"\u00c9tica e Compliance - Perfil Engenharia","og_description":"Canal de Den\u00fancia O Canal de Den\u00fancia \u00e9 uma forma de ampliar nosso comprometimento com a \u00e9tica e integridade.\u00a0Nossos colaboradores, parceiros e a sociedade podem comunicar-se conosco atrav\u00e9s deste canal, de forma sigilosa e se desejado, an\u00f4nima. Voc\u00ea pode formular den\u00fancias sobre: Fraude Viola\u00e7\u00f5es ao C\u00f3digo de \u00c9tica Corrup\u00e7\u00e3o Lavagem de dinheiro Ass\u00e9dio Discrimina\u00e7\u00e3o Seguran\u00e7a, [&hellip;]","og_url":"http:\/\/www.ktmengenharia.com.br\/perfil-engenharia\/etica-e-compliance\/","og_site_name":"Perfil Engenharia","article_modified_time":"2017-08-21T14:32:15+00:00","twitter_card":"summary_large_image","twitter_misc":{"Est. tempo de leitura":"1 minuto"},"schema":{"@context":"https:\/\/schema.org","@graph":[{"@type":"WebPage","@id":"http:\/\/www.ktmengenharia.com.br\/perfil-engenharia\/etica-e-compliance\/","url":"http:\/\/www.ktmengenharia.com.br\/perfil-engenharia\/etica-e-compliance\/","name":"\u00c9tica e Compliance - Perfil Engenharia","isPartOf":{"@id":"http:\/\/www.ktmengenharia.com.br\/perfil-engenharia\/#website"},"datePublished":"2017-06-08T14:21:15+00:00","dateModified":"2017-08-21T14:32:15+00:00","breadcrumb":{"@id":"http:\/\/www.ktmengenharia.com.br\/perfil-engenharia\/etica-e-compliance\/#breadcrumb"},"inLanguage":"pt-BR","potentialAction":[{"@type":"ReadAction","target":["http:\/\/www.ktmengenharia.com.br\/perfil-engenharia\/etica-e-compliance\/"]}]},{"@type":"BreadcrumbList","@id":"http:\/\/www.ktmengenharia.com.br\/perfil-engenharia\/etica-e-compliance\/#breadcrumb","itemListElement":[{"@type":"ListItem","position":1,"name":"In\u00edcio","item":"http:\/\/www.ktmengenharia.com.br\/perfil-engenharia\/"},{"@type":"ListItem","position":2,"name":"\u00c9tica e Compliance"}]},{"@type":"WebSite","@id":"http:\/\/www.ktmengenharia.com.br\/perfil-engenharia\/#website","url":"http:\/\/www.ktmengenharia.com.br\/perfil-engenharia\/","name":"Perfil Engenharia","description":"S\u00f3 mais um site Grupo KTM - Sites","potentialAction":[{"@type":"SearchAction","target":{"@type":"EntryPoint","urlTemplate":"http:\/\/www.ktmengenharia.com.br\/perfil-engenharia\/?s={search_term_string}"},"query-input":{"@type":"PropertyValueSpecification","valueRequired":true,"valueName":"search_term_string"}}],"inLanguage":"pt-BR"}]}},"_links":{"self":[{"href":"http:\/\/www.ktmengenharia.com.br\/perfil-engenharia\/wp-json\/wp\/v2\/pages\/31","targetHints":{"allow":["GET"]}}],"collection":[{"href":"http:\/\/www.ktmengenharia.com.br\/perfil-engenharia\/wp-json\/wp\/v2\/pages"}],"about":[{"href":"http:\/\/www.ktmengenharia.com.br\/perfil-engenharia\/wp-json\/wp\/v2\/types\/page"}],"author":[{"embeddable":true,"href":"http:\/\/www.ktmengenharia.com.br\/perfil-engenharia\/wp-json\/wp\/v2\/users\/1"}],"replies":[{"embeddable":true,"href":"http:\/\/www.ktmengenharia.com.br\/perfil-engenharia\/wp-json\/wp\/v2\/comments?post=31"}],"version-history":[{"count":9,"href":"http:\/\/www.ktmengenharia.com.br\/perfil-engenharia\/wp-json\/wp\/v2\/pages\/31\/revisions"}],"predecessor-version":[{"id":481,"href":"http:\/\/www.ktmengenharia.com.br\/perfil-engenharia\/wp-json\/wp\/v2\/pages\/31\/revisions\/481"}],"wp:attachment":[{"href":"http:\/\/www.ktmengenharia.com.br\/perfil-engenharia\/wp-json\/wp\/v2\/media?parent=31"}],"curies":[{"name":"wp","href":"https:\/\/api.w.org\/{rel}","templated":true}]}}